{"id":3087,"date":"2024-12-09T14:57:50","date_gmt":"2024-12-09T13:57:50","guid":{"rendered":"https:\/\/www.bexelektro.de\/?page_id=3087"},"modified":"2024-12-09T15:45:13","modified_gmt":"2024-12-09T14:45:13","slug":"zusatzqualifikationsformate","status":"publish","type":"page","link":"https:\/\/www.bexelektro.de\/?page_id=3087","title":{"rendered":"Zusatzqualifikationsformate"},"content":{"rendered":"\t\t<div data-elementor-type=\"wp-page\" data-elementor-id=\"3087\" class=\"elementor elementor-3087\" data-elementor-post-type=\"page\">\n\t\t\t\t\t\t<section class=\"elementor-section elementor-top-section elementor-element elementor-element-4cdedd87 elementor-section-stretched elementor-section-height-min-height elementor-section-content-middle elementor-section-boxed elementor-section-height-default elementor-section-items-middle\" data-id=\"4cdedd87\" data-element_type=\"section\" data-e-type=\"section\" data-settings=\"{&quot;stretch_section&quot;:&quot;section-stretched&quot;,&quot;background_background&quot;:&quot;classic&quot;,&quot;animation&quot;:&quot;none&quot;}\">\n\t\t\t\t\t\t\t<div class=\"elementor-background-overlay\"><\/div>\n\t\t\t\t\t\t\t<div class=\"elementor-container elementor-column-gap-default\">\n\t\t\t\t\t<div class=\"elementor-column elementor-col-100 elementor-top-column elementor-element elementor-element-256237a6\" data-id=\"256237a6\" data-element_type=\"column\" data-e-type=\"column\">\n\t\t\t<div class=\"elementor-widget-wrap elementor-element-populated\">\n\t\t\t\t\t\t<div class=\"elementor-element elementor-element-37c7afbb elementor-widget__width-initial elementor-widget elementor-widget-heading\" data-id=\"37c7afbb\" data-element_type=\"widget\" data-e-type=\"widget\" data-widget_type=\"heading.default\">\n\t\t\t\t<div class=\"elementor-widget-container\">\n\t\t\t\t\t<h1 class=\"elementor-heading-title elementor-size-large\">Zusatzqualifikationsformate<\/h1>\t\t\t\t<\/div>\n\t\t\t\t<\/div>\n\t\t\t\t\t<\/div>\n\t\t<\/div>\n\t\t\t\t\t<\/div>\n\t\t<\/section>\n\t\t\t\t<section class=\"elementor-section elementor-top-section elementor-element elementor-element-61687bcb elementor-section-boxed elementor-section-height-default elementor-section-height-default\" data-id=\"61687bcb\" data-element_type=\"section\" data-e-type=\"section\">\n\t\t\t\t\t\t<div class=\"elementor-container elementor-column-gap-default\">\n\t\t\t\t\t<div class=\"elementor-column elementor-col-100 elementor-top-column elementor-element elementor-element-4e358dc4\" data-id=\"4e358dc4\" data-element_type=\"column\" data-e-type=\"column\">\n\t\t\t<div class=\"elementor-widget-wrap elementor-element-populated\">\n\t\t\t\t\t\t<div class=\"elementor-element elementor-element-27f1f092 elementor-widget elementor-widget-text-editor\" data-id=\"27f1f092\" data-element_type=\"widget\" data-e-type=\"widget\" data-widget_type=\"text-editor.default\">\n\t\t\t\t<div class=\"elementor-widget-container\">\n\t\t\t\t\t\t\t\t\t<h1>Zusatzqualifikationsformate als erg\u00e4nzendes \u00dcBA-Angebot, i.W. f\u00fcr relevante andere Berufe (Kfz) und Fachsch\u00fcler<\/h1><div><h2><span style=\"text-decoration: underline;\">Was<\/span><\/h2><div><p>Zusatzqualifikation Elektromobilit\u00e4t (16-40 Unterrichtsstunden)<\/p><\/div><h2><span style=\"text-decoration: underline;\">F\u00fcr Wen<\/span><\/h2><ul><li>Azubis Elektro- und Informationstechnik<\/li><li>weitergehende Interessenten aus den Bereichen Kfz, Mechatronik, SHK<\/li><\/ul><h2><span style=\"text-decoration: underline;\">Wichtigste Fakten<\/span><\/h2><p>Berufsbegleitendes Lernangebot zw. 16 und 40 Unterrichtsstunden<\/p><h2><span style=\"text-decoration: underline;\">Verf\u00fcgbare Materialien<\/span><\/h2><ul><li>Curriculum<\/li><li>Lehr-\/Lernunterlagen<\/li><\/ul><h2><span style=\"text-decoration: underline;\">Kontakt<\/span><\/h2><p>Herr Donath<br \/>Bereichsleiter Projekte<br \/><a href=\"mailto:r.donath@ebz.de\">r.donath@ebz.de<\/a><br \/>0351-8506-362<\/p><p>EBZ e. V., Scharfenberger Str. 66, 01139 Dresden<\/p><h2><span style=\"text-decoration: underline;\">Mehr dazu<\/span><\/h2><p><a href=\"https:\/\/www.bexelektro.de\/?page_id=1931\">siehe Aktuelles vom 14. \/ 15. M\u00e4rz 2024<\/a><\/p><h2><span style=\"text-decoration: underline;\">Ziel und Beschreibung des Produktes<\/span><\/h2><p>Auf der Stufe der Ausbildung (DQR 4) wurden f\u00fcr eine erg\u00e4nzende Anrechnung und Anerkennung in Richtung einer Fachkarriere als (Berufs-) Spezialist im Rahmen des BexElektro-Projektes auch verschiedene Zusatzqualifikationsformate f\u00fcr unterschiedliche Zielgruppen (Elektroniker\/innen, andere relevante interessierte Berufe wie Kfz-Handwerk, SHK-Handwerk oder Fachsch\u00fcler) entwickelt und erprobt, um die technologie\u00fcbergreifenden Aspekte der Elektromobilit\u00e4t in der beruflichen Bildung st\u00e4rker zu verankern.<\/p><p>Im EVZ e.V. in Dresden wurden vor diesem Hintergrund verschiedene neue Qualifikationsformate auf DQR-Niveau 4 zwischen 16 Unterrichtsstunden bis 40 Unterrichtsstunden in Kooperation mit der HTW Dresden entwickelt und getestet, um Interessenten und Teilnehmende gezielt auf neue Einsatzgebiete im topaktuellen Themenfeld Elektromobilit\u00e4t und Erneuerbare Energien vorzubereiten.<\/p><p>Durch das Qualifizierungskonzept steigt nicht nur die Attraktivit\u00e4t der beruflichen Bildung, sondern es verbessern sich auch die beruflichen Handlungsf\u00e4higkeiten und Karriereaussichten.<\/p><p>Ziel war es, die Teilnehmenden ganzheitlich in das Themenfeld Elektromobilit\u00e4t an der Schnittstelle vom Fahrzeug, Verkehrs- und Energiesystem einzuf\u00fchren und sowohl den Stromsektor als auch die Betriebsweisen von Elektrofahrzeugen wie bspw. im Labor Elektrische Mobilit\u00e4t der HTW Dresden erleben und erfahren zu k\u00f6nnen.<\/p><\/div>\t\t\t\t\t\t\t\t<\/div>\n\t\t\t\t<\/div>\n\t\t\t\t\t<\/div>\n\t\t<\/div>\n\t\t\t\t\t<\/div>\n\t\t<\/section>\n\t\t\t\t<section class=\"elementor-section elementor-top-section elementor-element elementor-element-9acd97f envato-kit-141-top-0 elementor-reverse-mobile elementor-section-full_width elementor-section-height-default elementor-section-height-default\" data-id=\"9acd97f\" data-element_type=\"section\" data-e-type=\"section\" data-settings=\"{&quot;background_background&quot;:&quot;classic&quot;}\">\n\t\t\t\t\t\t\t<div class=\"elementor-background-overlay\"><\/div>\n\t\t\t\t\t\t\t<div class=\"elementor-container elementor-column-gap-no\">\n\t\t\t\t\t<div class=\"elementor-column elementor-col-50 elementor-top-column elementor-element elementor-element-1fdbb2c9\" data-id=\"1fdbb2c9\" data-element_type=\"column\" data-e-type=\"column\">\n\t\t\t<div class=\"elementor-widget-wrap elementor-element-populated\">\n\t\t\t\t\t\t<div class=\"elementor-element elementor-element-40a1e78c elementor-widget__width-inherit elementor-widget elementor-widget-text-editor\" data-id=\"40a1e78c\" data-element_type=\"widget\" data-e-type=\"widget\" data-widget_type=\"text-editor.default\">\n\t\t\t\t<div class=\"elementor-widget-container\">\n\t\t\t\t\t\t\t\t\t<p><a href=\"https:\/\/www.bexelektro.de\/?page_id=27\">Kontakt<\/a> | <a href=\"https:\/\/www.bexelektro.de\/?page_id=563\">Datenschutz<\/a> | <a href=\"https:\/\/www.bexelektro.de\/?page_id=566\">Impressum<\/a><\/p>\t\t\t\t\t\t\t\t<\/div>\n\t\t\t\t<\/div>\n\t\t\t\t\t<\/div>\n\t\t<\/div>\n\t\t\t\t<div class=\"elementor-column elementor-col-50 elementor-top-column elementor-element elementor-element-63d811e9\" data-id=\"63d811e9\" data-element_type=\"column\" data-e-type=\"column\">\n\t\t\t<div class=\"elementor-widget-wrap elementor-element-populated\">\n\t\t\t\t\t\t<div class=\"elementor-element elementor-element-be1f2d2 elementor-widget elementor-widget-text-editor\" data-id=\"be1f2d2\" data-element_type=\"widget\" data-e-type=\"widget\" data-widget_type=\"text-editor.default\">\n\t\t\t\t<div class=\"elementor-widget-container\">\n\t\t\t\t\t\t\t\t\t<p style=\"text-align: right;\">Copyright \u00a9 by Fraunhofer-Gesellschaft<\/p>\t\t\t\t\t\t\t\t<\/div>\n\t\t\t\t<\/div>\n\t\t\t\t\t<\/div>\n\t\t<\/div>\n\t\t\t\t\t<\/div>\n\t\t<\/section>\n\t\t\t\t<\/div>\n\t\t","protected":false},"excerpt":{"rendered":"<p>Zusatzqualifikationsformate Zusatzqualifikationsformate als erg\u00e4nzendes \u00dcBA-Angebot, i.W. f\u00fcr relevante andere Berufe (Kfz) und Fachsch\u00fcler Was Zusatzqualifikation Elektromobilit\u00e4t (16-40 Unterrichtsstunden) F\u00fcr Wen Azubis Elektro- und Informationstechnik weitergehende Interessenten aus den Bereichen Kfz, Mechatronik, SHK Wichtigste Fakten Berufsbegleitendes Lernangebot zw. 16 und 40 Unterrichtsstunden Verf\u00fcgbare Materialien Curriculum Lehr-\/Lernunterlagen Kontakt Herr DonathBereichsleiter Projekter.donath@ebz.de0351-8506-362 EBZ e. V., Scharfenberger Str. 66, [&hellip;]<\/p>\n","protected":false},"author":2,"featured_media":0,"parent":0,"menu_order":0,"comment_status":"closed","ping_status":"closed","template":"","meta":{"ocean_post_layout":"full-screen","ocean_both_sidebars_style":"","ocean_both_sidebars_content_width":0,"ocean_both_sidebars_sidebars_width":0,"ocean_sidebar":"","ocean_second_sidebar":"","ocean_disable_margins":"enable","ocean_add_body_class":"","ocean_shortcode_before_top_bar":"","ocean_shortcode_after_top_bar":"","ocean_shortcode_before_header":"","ocean_shortcode_after_header":"","ocean_has_shortcode":"","ocean_shortcode_after_title":"","ocean_shortcode_before_footer_widgets":"","ocean_shortcode_after_footer_widgets":"","ocean_shortcode_before_footer_bottom":"","ocean_shortcode_after_footer_bottom":"","ocean_display_top_bar":"off","ocean_display_header":"default","ocean_header_style":"","ocean_center_header_left_menu":"","ocean_custom_header_template":"","ocean_custom_logo":0,"ocean_custom_retina_logo":0,"ocean_custom_logo_max_width":0,"ocean_custom_logo_tablet_max_width":0,"ocean_custom_logo_mobile_max_width":0,"ocean_custom_logo_max_height":0,"ocean_custom_logo_tablet_max_height":0,"ocean_custom_logo_mobile_max_height":0,"ocean_header_custom_menu":"","ocean_menu_typo_font_family":"","ocean_menu_typo_font_subset":"","ocean_menu_typo_font_size":0,"ocean_menu_typo_font_size_tablet":0,"ocean_menu_typo_font_size_mobile":0,"ocean_menu_typo_font_size_unit":"px","ocean_menu_typo_font_weight":"","ocean_menu_typo_font_weight_tablet":"","ocean_menu_typo_font_weight_mobile":"","ocean_menu_typo_transform":"","ocean_menu_typo_transform_tablet":"","ocean_menu_typo_transform_mobile":"","ocean_menu_typo_line_height":0,"ocean_menu_typo_line_height_tablet":0,"ocean_menu_typo_line_height_mobile":0,"ocean_menu_typo_line_height_unit":"","ocean_menu_typo_spacing":0,"ocean_menu_typo_spacing_tablet":0,"ocean_menu_typo_spacing_mobile":0,"ocean_menu_typo_spacing_unit":"","ocean_menu_link_color":"","ocean_menu_link_color_hover":"","ocean_menu_link_color_active":"","ocean_menu_link_background":"","ocean_menu_link_hover_background":"","ocean_menu_link_active_background":"","ocean_menu_social_links_bg":"","ocean_menu_social_hover_links_bg":"","ocean_menu_social_links_color":"","ocean_menu_social_hover_links_color":"","ocean_disable_title":"on","ocean_disable_heading":"default","ocean_post_title":"","ocean_post_subheading":"","ocean_post_title_style":"","ocean_post_title_background_color":"","ocean_post_title_background":0,"ocean_post_title_bg_image_position":"","ocean_post_title_bg_image_attachment":"","ocean_post_title_bg_image_repeat":"","ocean_post_title_bg_image_size":"","ocean_post_title_height":0,"ocean_post_title_bg_overlay":0.5,"ocean_post_title_bg_overlay_color":"","ocean_disable_breadcrumbs":"default","ocean_breadcrumbs_color":"","ocean_breadcrumbs_separator_color":"","ocean_breadcrumbs_links_color":"","ocean_breadcrumbs_links_hover_color":"","ocean_display_footer_widgets":"off","ocean_display_footer_bottom":"off","ocean_custom_footer_template":"","footnotes":""},"class_list":["post-3087","page","type-page","status-publish","hentry","entry"],"_links":{"self":[{"href":"https:\/\/www.bexelektro.de\/index.php?rest_route=\/wp\/v2\/pages\/3087","targetHints":{"allow":["GET"]}}],"collection":[{"href":"https:\/\/www.bexelektro.de\/index.php?rest_route=\/wp\/v2\/pages"}],"about":[{"href":"https:\/\/www.bexelektro.de\/index.php?rest_route=\/wp\/v2\/types\/page"}],"author":[{"embeddable":true,"href":"https:\/\/www.bexelektro.de\/index.php?rest_route=\/wp\/v2\/users\/2"}],"replies":[{"embeddable":true,"href":"https:\/\/www.bexelektro.de\/index.php?rest_route=%2Fwp%2Fv2%2Fcomments&post=3087"}],"version-history":[{"count":10,"href":"https:\/\/www.bexelektro.de\/index.php?rest_route=\/wp\/v2\/pages\/3087\/revisions"}],"predecessor-version":[{"id":3099,"href":"https:\/\/www.bexelektro.de\/index.php?rest_route=\/wp\/v2\/pages\/3087\/revisions\/3099"}],"wp:attachment":[{"href":"https:\/\/www.bexelektro.de\/index.php?rest_route=%2Fwp%2Fv2%2Fmedia&parent=3087"}],"curies":[{"name":"wp","href":"https:\/\/api.w.org\/{rel}","templated":true}]}}