{"id":2396,"date":"2024-03-27T10:33:05","date_gmt":"2024-03-27T10:33:05","guid":{"rendered":"https:\/\/websites.fraunhofer.de\/bex-elektro\/?page_id=2396"},"modified":"2024-12-09T14:11:25","modified_gmt":"2024-12-09T13:11:25","slug":"projektplaner-in-ggp","status":"publish","type":"page","link":"https:\/\/www.bexelektro.de\/?page_id=2396","title":{"rendered":"Gepr\u00fcfter Projektplaner\/Gepr\u00fcfte Projektplanerin f\u00fcr Elektromobilit\u00e4t und nachhaltige Energiesysteme (GPP)"},"content":{"rendered":"\t\t<div data-elementor-type=\"wp-page\" data-elementor-id=\"2396\" class=\"elementor elementor-2396\" data-elementor-post-type=\"page\">\n\t\t\t\t\t\t<section class=\"elementor-section elementor-top-section elementor-element elementor-element-596b5c89 elementor-section-stretched elementor-section-height-min-height elementor-section-content-middle elementor-section-boxed elementor-section-height-default elementor-section-items-middle\" data-id=\"596b5c89\" data-element_type=\"section\" data-e-type=\"section\" data-settings=\"{&quot;stretch_section&quot;:&quot;section-stretched&quot;,&quot;background_background&quot;:&quot;classic&quot;,&quot;animation&quot;:&quot;none&quot;}\">\n\t\t\t\t\t\t\t<div class=\"elementor-background-overlay\"><\/div>\n\t\t\t\t\t\t\t<div class=\"elementor-container elementor-column-gap-default\">\n\t\t\t\t\t<div class=\"elementor-column elementor-col-100 elementor-top-column elementor-element elementor-element-210b9752\" data-id=\"210b9752\" data-element_type=\"column\" data-e-type=\"column\">\n\t\t\t<div class=\"elementor-widget-wrap elementor-element-populated\">\n\t\t\t\t\t\t<div class=\"elementor-element elementor-element-7f67607b elementor-widget__width-initial elementor-widget elementor-widget-heading\" data-id=\"7f67607b\" data-element_type=\"widget\" data-e-type=\"widget\" data-widget_type=\"heading.default\">\n\t\t\t\t<div class=\"elementor-widget-container\">\n\t\t\t\t\t<h1 class=\"elementor-heading-title elementor-size-large\">Projektplaner\/In GPP<\/h1>\t\t\t\t<\/div>\n\t\t\t\t<\/div>\n\t\t\t\t\t<\/div>\n\t\t<\/div>\n\t\t\t\t\t<\/div>\n\t\t<\/section>\n\t\t\t\t<section class=\"elementor-section elementor-top-section elementor-element elementor-element-1ec293f elementor-section-boxed elementor-section-height-default elementor-section-height-default\" data-id=\"1ec293f\" data-element_type=\"section\" data-e-type=\"section\">\n\t\t\t\t\t\t<div class=\"elementor-container elementor-column-gap-default\">\n\t\t\t\t\t<div class=\"elementor-column elementor-col-100 elementor-top-column elementor-element elementor-element-8842368\" data-id=\"8842368\" data-element_type=\"column\" data-e-type=\"column\">\n\t\t\t<div class=\"elementor-widget-wrap elementor-element-populated\">\n\t\t\t\t\t\t<div class=\"elementor-element elementor-element-8293a02 elementor-widget elementor-widget-text-editor\" data-id=\"8293a02\" data-element_type=\"widget\" data-e-type=\"widget\" data-widget_type=\"text-editor.default\">\n\t\t\t\t<div class=\"elementor-widget-container\">\n\t\t\t\t\t\t\t\t\t<h1><span style=\"color: #000000;\"><strong>Gepr\u00fcfter Projektplaner\/Gepr\u00fcfte Projektplanerin f\u00fcr Elektromobilit\u00e4t und nachhaltige Energiesysteme (Handwerkskammer Dresden)<\/strong><\/span><\/h1><p><span style=\"color: #000000;\">Mit der Aufstiegsfortbildung zum\/zur \u201eGepr\u00fcften Projektplaner\/Gepr\u00fcften Projektplanerin f\u00fcr Elektromobilit\u00e4t und nachhaltige Energiesysteme (Handwerkskammer Dresden)\u201c sollen Absolventen der zweiten beruflichen Fortbildungsstufe (Bachelor Professional) oder Meister in einem einschl\u00e4gigen Handwerksberuf dazu bef\u00e4higt werden, ganzheitliche Ladeinfrastrukturkonzepte unter Ber\u00fccksichtigung der lokalen Energieversorgung in komplexen, integrierten Energiesystemen zu entwickeln, fachgerecht zu planen und die verantwortliche F\u00fchrung der ausf\u00fchrenden Unternehmen zu koordinieren. Die Fortbildung qualifiziert dazu, Teams\/Gruppen oder Organisationen im Rahmen der daf\u00fcr erforderlichen Planungs- und Bauleitungsaufgaben verantwortlich zu leiten und die planerische Umsetzung der innovativen elektrotechnischen Anlagen mit dem Bauherren, dem Architekten und weiteren an der Planung beteiligten Fachexperten f\u00fchrend zu organisieren und durchzuf\u00fchren.<\/span><\/p><p><span style=\"color: #000000;\">Die Absolventen der Fortbildung verf\u00fcgen \u00fcber spezialisierte fachliche und konzeptionelle Fertigkeiten zur selbstst\u00e4ndigen und pionierhaften L\u00f6sung und Implementierung h\u00f6chst komplexer Ladeinfrastrukturprojekte in Verbindung mit der ganzheitlichen Integration von Erneuerbaren Energien am Netzanschlusspunkt unter Ber\u00fccksichtigung von \u00f6konomischen und \u00f6kologischen Aspekten. Sie verf\u00fcgen \u00fcber die F\u00e4higkeit zur Probleml\u00f6sung in neuen und unvertrauten Situationen, um detaillierte, komplexe elektrotechnische Fachplanungen im \u00dcbergang von Ladeinfrastruktur-projekten zu PV- und Speichersystemen sowie der Optimierung des Energieflusses mit Energiemanagement-Systemen (EMS) selbstst\u00e4ndig und eigenverantwortlich vornehmen, planen und bauleitend umsetzen zu k\u00f6nnen. Dies schlie\u00dft die F\u00e4higkeit ein, neue L\u00f6sungen, Verfahren oder digitale Planungsinstrumente einzusetzen, anzuwenden und unter Ber\u00fccksichtigung unterschiedlicher Beurteilungsma\u00dfst\u00e4be zu bewerten. Sie k\u00f6nnen bereichsspezifische und \u00fcbergreifende Diskussionen f\u00fchren, komplizierteste Fragestellungen selbst\u00e4ndig analysieren, L\u00f6sungswege aufzeigen, Probleme identifizieren und daraus Entscheidungen sowie Schlussfolgerungen unter Reflexion technischer, wirtschaftlicher sowie kundenspezifischer Anforderungen in klarer und eindeutiger Weise vor Mitarbeitenden und Kunden vertreten.<\/span><\/p><p><span style=\"color: #000000;\">Mit diesen F\u00e4higkeiten sind die Absolventen in der Lage, moderne, dem neuesten Stand der Technik entsprechende Elektro-Fachplanungen auf der Grundlage der Honorarordnung f\u00fcr Architekten und Ingenieure (HOAI) mit allen notwendigen technischen Inhalten, Dokumentationen, Berechnungen und Preisvorgaben zu erarbeiten.\u00a0 Neuestes anwendungsorientiertes Wissen und spezialisierte praktische Fertigkeiten im Umgang mit technischen Hilfsmitteln und Werkzeugen der Planung, wie die Handhabung von BIM-f\u00e4higer Software, Netzberechnungen, komplexe 3-D f\u00e4hige CAD-Programme, Berechnungen und Darstellungen von Verteilersystemen sollen dazu bef\u00e4higen, in einem hoch komplexen, dynamischen Aufgaben- und T\u00e4tigkeitsumfeld wie der Elektromobilit\u00e4t ganzheitliche, integrierte Ladeinfrastrukturkonzepte unter Ber\u00fccksichtigung der lokalen Energieversorgung im intelligenten Stromnetz verantwortlich planen, berechnen und bauleitend umsetzen zu k\u00f6nnen. Die Fortbildung soll dazu beitragen, die dringend ben\u00f6tigten hochspezialisierten elektrotechnischen Projektentwickler, Fachexperten, Fachplaner und Fachberater zur Bew\u00e4ltigung der Verkehrs- und Mobilit\u00e4tswende in Deutschland zu entwickeln.<\/span><\/p><p><span style=\"color: #000000;\"><strong>Kursinhalte<\/strong><strong><u><br \/><\/u><\/strong><\/span><\/p><p><span style=\"color: #000000;\"><strong>Basismodul<\/strong> &#8211; Planung und Dokumentation von Geb\u00e4udeenergie- und Ladeinfrastruktursystemen am Niederspannungsnetz<\/span><\/p><ul><li><span style=\"color: #000000;\">Einf\u00fchrung in verschiedene Planungstools und Umgang mit Planungssoftware f\u00fcr Geb\u00e4udetechnik (DDScad)<\/span><\/li><li><span style=\"color: #000000;\">Photovoltaik-Planung und -Simulation (PV*Sol, Polysun)<\/span><\/li><li><span style=\"color: #000000;\">Dimensionierung von Niederspannungsanlagen (epINSTROM)<\/span><\/li><li><span style=\"color: #000000;\">Objekt- und Fachplanung von elektrischen Anlagen an ausgew\u00e4hlten Beispielen<\/span><\/li><\/ul><p><span style=\"color: #000000;\"><strong>Modul 1 &#8211; Gesch\u00e4ftsmodell- und Trendentwicklung in der Elektromobilit\u00e4t im Kontext systemischer Energiemanagementkonzepte und Smart-Home-Ans\u00e4tze<\/strong><\/span><\/p><ul><li><span style=\"color: #000000;\">Gesetzliche Bestimmungen und Verordnungen in der Elektromobilit\u00e4t und Geb\u00e4udeenergiesystemtechnik<\/span><\/li><li><span style=\"color: #000000;\">Aktuelle Entwicklungen in der Elektromobilit\u00e4t und im Energiesystembereich<\/span><\/li><\/ul><p><span style=\"color: #000000;\"><strong>Modul 2 &#8211; Innovationsmanagement, Unternehmensf\u00fchrung und fachrechtliche Vorgaben zur Fachplanung elektrischer Anlagen<\/strong><\/span><\/p><ul><li><span style=\"color: #000000;\">Unternehmensgr\u00fcndung, Mitarbeiter- und Personalf\u00fchrung, Marketing<\/span><\/li><li><span style=\"color: #000000;\">Verantwortliche Planung elektrischer Anlagen u.v.m.<\/span><\/li><\/ul><p><span style=\"color: #000000;\"><strong>Modul 3 &#8211; Ladeinfrastrukturaufbau, Lastmanagement und Flottenelektrifizierung<\/strong><\/span><\/p><ul><li><span style=\"color: #000000;\">Rechtssichere Errichtung von Ladeinfrastruktur organisieren<\/span><\/li><li><span style=\"color: #000000;\">Lademanagement planen und implementieren u.v.m.<\/span><\/li><\/ul><p><span style=\"color: #000000;\"><strong>Modul 4 &#8211; Systemintegration Elektromobilit\u00e4t in nachhaltige Energiesysteme<\/strong><\/span><\/p><ul><li><span style=\"color: #000000;\">Integrierte, ganzheitliche Geb\u00e4udeenergiekonzepte erstellen<\/span><\/li><li><span style=\"color: #000000;\">Anwendungsbeispiele von Geb\u00e4udeenergiesystemen modellieren und simulieren<\/span><\/li><li><span style=\"color: #000000;\">Energiemanagement- und Strom-W\u00e4rme-Kopplung-Systeme u.v.m.<\/span><\/li><\/ul><p><span style=\"color: #000000;\"><strong>Modul 5 &#8211; Errichtung, Erweiterung, \u00c4nderung, Instandhaltung elektrischer Anlagen<\/strong><\/span><\/p><ul><li><span style=\"color: #000000;\">Rechtlicher Rahmen, Vorschriften<\/span><\/li><li><span style=\"color: #000000;\">Technische Regeln, TAB, VDE, aktuelle Normen<\/span><\/li><li><span style=\"color: #000000;\">Projektierung, Pr\u00fcfen und Inbetriebnahme elektrischer Anlagen<\/span><\/li><\/ul><p><span style=\"color: #000000;\">Integriert sind betriebliche Projektarbeiten vorgesehen.<\/span><\/p><p><span style=\"color: #000000;\"><strong>Zielgruppe<\/strong><\/span><\/p><ul><li><span style=\"color: #000000;\">Meister im Elektrotechniker-Handwerk<\/span><\/li><li><span style=\"color: #000000;\">Industriemeister (Elektrotechnik, Mechatronik)<\/span><\/li><li><span style=\"color: #000000;\">Staatlich gepr\u00fcfte Techniker<\/span><\/li><li><span style=\"color: #000000;\">Absolventen einschl\u00e4giger Fachrichtungen von (Fach-)Hochschulen (Bachelor)<\/span><\/li><li><span style=\"color: #000000;\">Absolventen der zweiten beruflichen Fortbildungsstufe (Bachelor Professional)<\/span><\/li><\/ul><p><span style=\"color: #000000;\"><strong><u><br \/><\/u>Kursvoraussetzung<\/strong><\/span><\/p><ul><li><span style=\"color: #000000;\">Abschluss als Handwerks- oder Industriemeister, Techniker, Bachelor, Bachelor Professional<\/span><\/li><\/ul><p><span style=\"color: #000000;\"><strong>Abschluss<\/strong><\/span><\/p><p><span style=\"color: #000000;\">Fortbildungspr\u00fcfung zum\/zur \u201eGepr\u00fcften Projektplaner\/in f\u00fcr Elektromobilit\u00e4t und nachhaltige Energiesysteme (Handwerkskammer Dresden)\u201c nach \u00a7 42 f Handwerksordnung (HwO) auf der dritten beruflichen Fortbildungsstufe der h\u00f6herqualifizierenden Berufsbildung.<\/span><\/p><p><span style=\"color: #000000;\"><strong>Kursdauer<\/strong><\/span><\/p><ul><li><span style=\"color: #000000;\">1600 Std. Lernumfang, verteilt \u00fcber einen Zeitraum von 24 Monaten, in der Regel 2 Fortbildungstermine pro Woche (au\u00dfer Schulferien in Sachsen)<\/span><\/li><li><span style=\"color: #000000;\">Pr\u00e4senztermine finden statt im<\/span><br \/><span style=\"color: #000000;\">Elektrobildungs- und Technologiezentrum e. V. Dresden<\/span><br \/><span style=\"color: #000000;\">Scharfenberger Stra\u00dfe 66<\/span><br \/><span style=\"color: #000000;\">01139 Dresden<\/span><\/li><li><span style=\"color: #000000;\">Pr\u00e4senztermine werden durch Online-Termine, Exkursionen, selbstbestimmtes Lernen und Projektarbeiten erg\u00e4nzt<\/span><\/li><\/ul><p><span style=\"color: #000000;\">Mit dem Programm InnoVET f\u00f6rdert das Bundesministerium f\u00fcr Bildung und Forschung (BMBF) bundesweit Projekte mit dem Ziel, die Attraktivit\u00e4t, Qualit\u00e4t und Gleichwertigkeit der beruflichen Bildung zu steigern. Durchgef\u00fchrt wird das Programm vom Bundesinstitut f\u00fcr Berufsbildung (BiBB).<\/span><\/p><p><span style=\"color: #000000;\">Die ausf\u00fchrliche Kursbeschreibung mit weiteren Informationen zu den Kursinhalten und Kursablauf sowie die Kursplanung senden wir Ihnen auf Wunsch gerne zu. Bei weiteren Fragen und Anliegen, wenden Sie sich bitte an das<span style=\"color: #3366ff;\"> <a style=\"color: #3366ff;\" href=\"http:\/\/www.ebz.de\/\">EBZ Dresden<\/a><\/span>.<\/span><\/p>\t\t\t\t\t\t\t\t<\/div>\n\t\t\t\t<\/div>\n\t\t\t\t\t<\/div>\n\t\t<\/div>\n\t\t\t\t\t<\/div>\n\t\t<\/section>\n\t\t\t\t<section class=\"elementor-section elementor-top-section elementor-element elementor-element-5ea03510 envato-kit-141-top-0 elementor-reverse-mobile elementor-section-full_width elementor-section-height-default elementor-section-height-default\" data-id=\"5ea03510\" data-element_type=\"section\" data-e-type=\"section\" data-settings=\"{&quot;background_background&quot;:&quot;classic&quot;}\">\n\t\t\t\t\t\t\t<div class=\"elementor-background-overlay\"><\/div>\n\t\t\t\t\t\t\t<div class=\"elementor-container elementor-column-gap-no\">\n\t\t\t\t\t<div class=\"elementor-column elementor-col-50 elementor-top-column elementor-element elementor-element-732d0d69\" data-id=\"732d0d69\" data-element_type=\"column\" data-e-type=\"column\">\n\t\t\t<div class=\"elementor-widget-wrap elementor-element-populated\">\n\t\t\t\t\t\t<div class=\"elementor-element elementor-element-6a4ffda5 elementor-widget__width-inherit elementor-widget elementor-widget-text-editor\" data-id=\"6a4ffda5\" data-element_type=\"widget\" data-e-type=\"widget\" data-widget_type=\"text-editor.default\">\n\t\t\t\t<div class=\"elementor-widget-container\">\n\t\t\t\t\t\t\t\t\t<p><a href=\"https:\/\/www.bexelektro.de\/?page_id=27\">Kontakt<\/a> | <a href=\"https:\/\/www.bexelektro.de\/?page_id=563\">Datenschutz<\/a> | <a href=\"https:\/\/www.bexelektro.de\/?page_id=566\">Impressum<\/a><\/p>\t\t\t\t\t\t\t\t<\/div>\n\t\t\t\t<\/div>\n\t\t\t\t\t<\/div>\n\t\t<\/div>\n\t\t\t\t<div class=\"elementor-column elementor-col-50 elementor-top-column elementor-element elementor-element-4097465c\" data-id=\"4097465c\" data-element_type=\"column\" data-e-type=\"column\">\n\t\t\t<div class=\"elementor-widget-wrap elementor-element-populated\">\n\t\t\t\t\t\t<div class=\"elementor-element elementor-element-61d3a7b8 elementor-widget elementor-widget-text-editor\" data-id=\"61d3a7b8\" data-element_type=\"widget\" data-e-type=\"widget\" data-widget_type=\"text-editor.default\">\n\t\t\t\t<div class=\"elementor-widget-container\">\n\t\t\t\t\t\t\t\t\t<p style=\"text-align: right;\">Copyright \u00a9 by Fraunhofer-Gesellschaft<\/p>\t\t\t\t\t\t\t\t<\/div>\n\t\t\t\t<\/div>\n\t\t\t\t\t<\/div>\n\t\t<\/div>\n\t\t\t\t\t<\/div>\n\t\t<\/section>\n\t\t\t\t<\/div>\n\t\t","protected":false},"excerpt":{"rendered":"<p>Projektplaner\/In GPP Gepr\u00fcfter Projektplaner\/Gepr\u00fcfte Projektplanerin f\u00fcr Elektromobilit\u00e4t und nachhaltige Energiesysteme (Handwerkskammer Dresden) Mit der Aufstiegsfortbildung zum\/zur \u201eGepr\u00fcften Projektplaner\/Gepr\u00fcften Projektplanerin f\u00fcr Elektromobilit\u00e4t und nachhaltige Energiesysteme (Handwerkskammer Dresden)\u201c sollen Absolventen der zweiten beruflichen Fortbildungsstufe (Bachelor Professional) oder Meister in einem einschl\u00e4gigen Handwerksberuf dazu bef\u00e4higt werden, ganzheitliche Ladeinfrastrukturkonzepte unter Ber\u00fccksichtigung der lokalen Energieversorgung in komplexen, integrierten Energiesystemen zu [&hellip;]<\/p>\n","protected":false},"author":1,"featured_media":0,"parent":0,"menu_order":0,"comment_status":"closed","ping_status":"closed","template":"","meta":{"ocean_post_layout":"full-screen","ocean_both_sidebars_style":"","ocean_both_sidebars_content_width":0,"ocean_both_sidebars_sidebars_width":0,"ocean_sidebar":"0","ocean_second_sidebar":"0","ocean_disable_margins":"enable","ocean_add_body_class":"","ocean_shortcode_before_top_bar":"","ocean_shortcode_after_top_bar":"","ocean_shortcode_before_header":"","ocean_shortcode_after_header":"","ocean_has_shortcode":"","ocean_shortcode_after_title":"","ocean_shortcode_before_footer_widgets":"","ocean_shortcode_after_footer_widgets":"","ocean_shortcode_before_footer_bottom":"","ocean_shortcode_after_footer_bottom":"","ocean_display_top_bar":"off","ocean_display_header":"default","ocean_header_style":"","ocean_center_header_left_menu":"0","ocean_custom_header_template":"0","ocean_custom_logo":0,"ocean_custom_retina_logo":0,"ocean_custom_logo_max_width":0,"ocean_custom_logo_tablet_max_width":0,"ocean_custom_logo_mobile_max_width":0,"ocean_custom_logo_max_height":0,"ocean_custom_logo_tablet_max_height":0,"ocean_custom_logo_mobile_max_height":0,"ocean_header_custom_menu":"0","ocean_menu_typo_font_family":"0","ocean_menu_typo_font_subset":"","ocean_menu_typo_font_size":0,"ocean_menu_typo_font_size_tablet":0,"ocean_menu_typo_font_size_mobile":0,"ocean_menu_typo_font_size_unit":"px","ocean_menu_typo_font_weight":"","ocean_menu_typo_font_weight_tablet":"","ocean_menu_typo_font_weight_mobile":"","ocean_menu_typo_transform":"","ocean_menu_typo_transform_tablet":"","ocean_menu_typo_transform_mobile":"","ocean_menu_typo_line_height":0,"ocean_menu_typo_line_height_tablet":0,"ocean_menu_typo_line_height_mobile":0,"ocean_menu_typo_line_height_unit":"","ocean_menu_typo_spacing":0,"ocean_menu_typo_spacing_tablet":0,"ocean_menu_typo_spacing_mobile":0,"ocean_menu_typo_spacing_unit":"","ocean_menu_link_color":"","ocean_menu_link_color_hover":"","ocean_menu_link_color_active":"","ocean_menu_link_background":"","ocean_menu_link_hover_background":"","ocean_menu_link_active_background":"","ocean_menu_social_links_bg":"","ocean_menu_social_hover_links_bg":"","ocean_menu_social_links_color":"","ocean_menu_social_hover_links_color":"","ocean_disable_title":"on","ocean_disable_heading":"default","ocean_post_title":"","ocean_post_subheading":"","ocean_post_title_style":"","ocean_post_title_background_color":"","ocean_post_title_background":0,"ocean_post_title_bg_image_position":"","ocean_post_title_bg_image_attachment":"","ocean_post_title_bg_image_repeat":"","ocean_post_title_bg_image_size":"","ocean_post_title_height":0,"ocean_post_title_bg_overlay":0.5,"ocean_post_title_bg_overlay_color":"","ocean_disable_breadcrumbs":"default","ocean_breadcrumbs_color":"","ocean_breadcrumbs_separator_color":"","ocean_breadcrumbs_links_color":"","ocean_breadcrumbs_links_hover_color":"","ocean_display_footer_widgets":"off","ocean_display_footer_bottom":"off","ocean_custom_footer_template":"0","footnotes":""},"class_list":["post-2396","page","type-page","status-publish","hentry","entry"],"_links":{"self":[{"href":"https:\/\/www.bexelektro.de\/index.php?rest_route=\/wp\/v2\/pages\/2396","targetHints":{"allow":["GET"]}}],"collection":[{"href":"https:\/\/www.bexelektro.de\/index.php?rest_route=\/wp\/v2\/pages"}],"about":[{"href":"https:\/\/www.bexelektro.de\/index.php?rest_route=\/wp\/v2\/types\/page"}],"author":[{"embeddable":true,"href":"https:\/\/www.bexelektro.de\/index.php?rest_route=\/wp\/v2\/users\/1"}],"replies":[{"embeddable":true,"href":"https:\/\/www.bexelektro.de\/index.php?rest_route=%2Fwp%2Fv2%2Fcomments&post=2396"}],"version-history":[{"count":35,"href":"https:\/\/www.bexelektro.de\/index.php?rest_route=\/wp\/v2\/pages\/2396\/revisions"}],"predecessor-version":[{"id":3043,"href":"https:\/\/www.bexelektro.de\/index.php?rest_route=\/wp\/v2\/pages\/2396\/revisions\/3043"}],"wp:attachment":[{"href":"https:\/\/www.bexelektro.de\/index.php?rest_route=%2Fwp%2Fv2%2Fmedia&parent=2396"}],"curies":[{"name":"wp","href":"https:\/\/api.w.org\/{rel}","templated":true}]}}