{"id":1094,"date":"2021-02-10T10:29:49","date_gmt":"2021-02-10T10:29:49","guid":{"rendered":"https:\/\/websites.fraunhofer.de\/bexelektro\/?page_id=1094"},"modified":"2024-12-09T13:59:49","modified_gmt":"2024-12-09T12:59:49","slug":"presseinformation-bexelektro-qualifizierungsoffensive-fuer-die-energie-und-mobilitaetswende","status":"publish","type":"page","link":"https:\/\/www.bexelektro.de\/?page_id=1094","title":{"rendered":"Presseinformation: BexElektro: Qualifizierungsoffensive f\u00fcr die Energie- und Mobilit\u00e4tswende"},"content":{"rendered":"\t\t<div data-elementor-type=\"wp-page\" data-elementor-id=\"1094\" class=\"elementor elementor-1094\" data-elementor-post-type=\"page\">\n\t\t\t\t\t\t<section class=\"elementor-section elementor-top-section elementor-element elementor-element-0ca8c3c elementor-section-boxed elementor-section-height-default elementor-section-height-default\" data-id=\"0ca8c3c\" data-element_type=\"section\" data-e-type=\"section\">\n\t\t\t\t\t\t<div class=\"elementor-container elementor-column-gap-default\">\n\t\t\t\t\t<div class=\"elementor-column elementor-col-100 elementor-top-column elementor-element elementor-element-9675ec1\" data-id=\"9675ec1\" data-element_type=\"column\" data-e-type=\"column\">\n\t\t\t<div class=\"elementor-widget-wrap elementor-element-populated\">\n\t\t\t\t\t\t<div class=\"elementor-element elementor-element-b63b189 elementor-widget elementor-widget-heading\" data-id=\"b63b189\" data-element_type=\"widget\" data-e-type=\"widget\" data-widget_type=\"heading.default\">\n\t\t\t\t<div class=\"elementor-widget-container\">\n\t\t\t\t\t<h2 class=\"elementor-heading-title elementor-size-default\"><br>BexElektro: Die Qualifizierungsoffensive f\u00fcr die Energie- und Mobilit\u00e4tswende ist gestartet<\/h2>\t\t\t\t<\/div>\n\t\t\t\t<\/div>\n\t\t\t\t\t<\/div>\n\t\t<\/div>\n\t\t\t\t\t<\/div>\n\t\t<\/section>\n\t\t\t\t<section class=\"elementor-section elementor-top-section elementor-element elementor-element-81ec020 elementor-section-boxed elementor-section-height-default elementor-section-height-default\" data-id=\"81ec020\" data-element_type=\"section\" data-e-type=\"section\">\n\t\t\t\t\t\t<div class=\"elementor-container elementor-column-gap-default\">\n\t\t\t\t\t<div class=\"elementor-column elementor-col-100 elementor-top-column elementor-element elementor-element-ede2d7e\" data-id=\"ede2d7e\" data-element_type=\"column\" data-e-type=\"column\">\n\t\t\t<div class=\"elementor-widget-wrap elementor-element-populated\">\n\t\t\t\t\t\t<div class=\"elementor-element elementor-element-716e755 elementor-widget elementor-widget-text-editor\" data-id=\"716e755\" data-element_type=\"widget\" data-e-type=\"widget\" data-widget_type=\"text-editor.default\">\n\t\t\t\t<div class=\"elementor-widget-container\">\n\t\t\t\t\t\t\t\t\t<h2>\u00a0<\/h2><h2>Die Forschungspartner, Bildungsanbieter, Industriepartner und Handwerk schaffen im Projekt \u00bbBexElektro\u00ab ein innovatives und durchg\u00e4ngiges Gesamtkonzept beruflicher Bildung<\/h2><p>Der Klimawandel fordert L\u00f6sungen zu nachhaltigem Energiemanagement und smarter Mobilit\u00e4t. Deren Umsetzung wiederum ben\u00f6tigt qualifizierte Fachkr\u00e4fte, die ma\u00dfgeblich \u00fcber das berufliche Bildungssystem entwickelt werden m\u00fcssen. Gemeinsam mit sieben Partnern schafft das Fraunhofer IAO mit dem Projekt BexElektro ein modulares und durchg\u00e4ngiges berufliches Bildungskonzept, das bis zu hochschulad\u00e4quaten Abschl\u00fcssen des Bachelor Professional reicht.<\/p><p>F\u00fcr die Wirtschaft und den Arbeitsmarkt ist die berufliche Bildung das grundlegende Fundament, um dem zunehmenden Innovationsdruck standzuhalten. Das Bundesministerium f\u00fcr Bildung und Forschung (BMBF) hat deshalb den F\u00f6rderschwerpunkt InnoVET \u2013 Innovationen f\u00fcr eine exzellente berufliche Bildung auf die Agenda gesetzt, um berufliche Aus- und Fortbildung attraktiver und qualitativ hochwertiger zu gestalten. Insbesondere im Wettbewerb mit akademischer Bildung sollen in dieser Projektf\u00f6rderlinie Aus- und Fortbildungen \u00fcber die Stufe 5 des Deutschen Qualifikationsrahmens (DQR) hinaus entwickelt werden, um an das Bachelor- und Mastersystem anschlussf\u00e4hig zu sein.<\/p><p>Elektromobilit\u00e4t ist vor dem Hintergrund der aktuellen klimabezogenen Herausforderungen ein allgegenw\u00e4rtiges und wesentliches Thema. Dabei geht es nicht nur um die individuelle Mobilit\u00e4t mit dem Auto, sondern gerade in diesem Projekt um Elektromobilit\u00e4t im Kontext systemischer Energiemanagementkonzepte und Smart Home Ans\u00e4tze. Wie gelingt es, hierf\u00fcr sichere Infrastrukturen wie z.B. Lades\u00e4ulen f\u00fcr private wie gesch\u00e4ftliche Nutzer*innen in ausreichender Anzahl bereitzustellen?<\/p><p>Hier bestehen f\u00fcr viele Unternehmen aus dem Bereich Elektrotechnik hervorragende Marktchancen, doch es mangelt an verf\u00fcgbarem Fachpersonal. Zudem m\u00fcssen die Bildungsinhalte sehr schnell konzipiert und angeboten werden, um der gro\u00dfen Innovationsgeschwindigkeit in den technologischen Entwicklungen zu entsprechen.<\/p><h3>Qualifizierte Fachkr\u00e4fte f\u00fcr einen stark wachsenden Markt<\/h3><p>Hier setzt das Projekt Berufsbildungsexzellenz Elektromobilit\u00e4t \u2013 BexElektro an. Gemeinsam mit Partnern wird das Fraunhofer-Institut f\u00fcr Arbeitswirtschaft und Organisation IAO federf\u00fchrend ein Innovationscluster aus Bildungsanbietern, Unternehmen aus Handwerk und Industrie, Technologieunternehmen und Sozialpartnern bzw. Verb\u00e4nden aufbauen. In einer vierj\u00e4hrigen Erprobungs- und Umsetzungsphase werden im Bereich Elektrotechnik mit dem Schwerpunkt Elektromobilit\u00e4t attraktive, effiziente und durchl\u00e4ssige Bildungswege mit hochwertigen Abschl\u00fcssen entwickelt und erprobt. Damit leistet das Projekt auch einen Beitrag dazu, die Gleichwertigkeit von beruflicher und akademischer Bildung praktisch erfahrbar zu machen. Die Zusammensetzung der Bildungsanbieter umfasst Partner aus Baden-W\u00fcrttemberg, Niedersachsen und Sachsen.<\/p><h3>Zukunftsorientierte berufliche Bildungsangebote f\u00fcr stufenweise H\u00f6herqualifizierung<\/h3><p>Das wesentliche Ziel von BexElektro ist es, in agilen Prozessen modulare und aktuelle Bildungsmodule in zukunftsorientierten Vermittlungsformaten zu entwickeln. Daf\u00fcr ist eine enge Zusammenarbeit von Technologie- und Bildungspartnern notwendig. Nur so kann der Entwicklungsgeschwindigkeit der erforderlichen Technologien wie z.B. Lades\u00e4ulen entsprochen werden. Denn was nutzt verf\u00fcgbare Technologie, wenn f\u00fcr deren Installation und Wartung zu wenige Fachkr\u00e4fte verf\u00fcgbar sind?<\/p><p>Dar\u00fcber hinaus liegt der Fokus des Projekts auf einer transparenten und durchg\u00e4ngigen Anrechenbarkeit der einzelnen Lernmodule \u00fcber alle Stufen des Deutschen Qualifizierungsrahmens (DQR) hinweg. Mit BexElektro soll, vergleichbar mit den ECTS-Punkten der akademischen Bildung, ein beispielhaftes System von Bildungsangeboten entwickelt werden, das mittels individueller Lernpfade durchlaufen werden kann und mit transparent zugeordneten Bewertungspunkten einen kontinuierlichen Aufstieg von einer DQR-Stufe in die n\u00e4chste DQR-Stufe erm\u00f6glicht. Im Bestfall wird es somit m\u00f6glich, dass berufliche Quereinsteiger*innen bis zum Bachelor Professional in der Fachdom\u00e4ne von BexElektro weitergebildet werden k\u00f6nnen. Damit soll dem klar erkennbaren Bedarf der Unternehmen entsprochen werden, kompetente Fachkr\u00e4fte f\u00fcr einen Wachstumsmarkt marktgerecht und gleichzeitig nachhaltig zu entwickeln und damit nicht zuletzt einen Beitrag auch zur Arbeitgeberattraktivit\u00e4t zu leisten. Ein solches System k\u00f6nnte in vielen anderen Berufsbereichen ebenfalls einen wichtigen Beitrag zur Gleichwertigkeit beruflicher und akademischer Bildung leisten. \u00bbWir haben als Gesamtkonsortium den Ehrgeiz, einen methodisch wie konzeptionell sehr gut \u00fcbertragbaren Leuchtturm der beruflichen Bildung zu entwickeln\u00ab, sagt Dr. Josephine Hofmann, gesamtverantwortliche Wissenschaftlerin am Fraunhofer IAO. Das Projekt wird f\u00fcr vier Jahre vom Bundesministerium f\u00fcr Bildung und Forschung (BMBF) gef\u00f6rdert.<\/p><h3>Projektkonsortium:<\/h3><p>\u2022 Fraunhofer IAO<\/p><p>\u2022 Institut f\u00fcr Arbeitswissenschaft und Technologiemanagement der Universit\u00e4t Stuttgart IAT<\/p><p>\u2022 Elektro Technologie Zentrum (etz) der Innung f\u00fcr Elektro- und Informationstechnik Stuttgart K.d.\u00f6.R<\/p><p>\u2022 Elektrobildungs- und Technologiezentrum e.V. Dresden (EBZ)<\/p><p>\u2022 Bundestechnologiezentrum f\u00fcr Elektro- und Informationstechnik e.V. (BFE)<\/p><p>\u2022 Mennekes Elektrotechnik GmbH &amp; Co. KG<\/p><p>\u2022 PHOENIX CONTACT GmbH&amp;Co.KG<\/p><p>\u2022 Heldele GmbH<\/p><p>\u2022 ELEKTRO DRESDEN-WEST GmbH<\/p><p>\u2022 Meyer Technik Unternehmensgruppe<\/p><h3>Teaserbox:<\/h3><p>\u00dcber BexElektro: Das Projekt Berufsbildungsexzellenz Elektromobilit\u00e4t \u2013 BexElektro wird ein Innovationscluster aus Bildungsanbietern, Unternehmen aus Handwerk und Industrie, Technologieherstellern und Sozialpartnern bzw. Verb\u00e4nden aufbauen. Im Ergebnis entsteht ein System modularer, hochaktueller Bildungsangebote, die modular gebucht und transparent aufeinander aufbauend zu einer systematischen H\u00f6herqualifizierung bis hin zum Bachelor Professional f\u00fchren. Das Projekt wird f\u00fcr vier Jahre vom BMBF gef\u00f6rdert.<\/p>\t\t\t\t\t\t\t\t<\/div>\n\t\t\t\t<\/div>\n\t\t\t\t\t<\/div>\n\t\t<\/div>\n\t\t\t\t\t<\/div>\n\t\t<\/section>\n\t\t\t\t<section class=\"elementor-section elementor-top-section elementor-element elementor-element-67220bfc envato-kit-141-top-0 elementor-reverse-mobile elementor-section-boxed elementor-section-height-default elementor-section-height-default\" data-id=\"67220bfc\" data-element_type=\"section\" data-e-type=\"section\" data-settings=\"{&quot;background_background&quot;:&quot;classic&quot;}\">\n\t\t\t\t\t\t\t<div class=\"elementor-background-overlay\"><\/div>\n\t\t\t\t\t\t\t<div class=\"elementor-container elementor-column-gap-no\">\n\t\t\t\t\t<div class=\"elementor-column elementor-col-100 elementor-top-column elementor-element elementor-element-10c6a4f0\" data-id=\"10c6a4f0\" data-element_type=\"column\" data-e-type=\"column\">\n\t\t\t<div class=\"elementor-widget-wrap elementor-element-populated\">\n\t\t\t\t\t\t<div class=\"elementor-element elementor-element-a72f71c elementor-widget elementor-widget-spacer\" data-id=\"a72f71c\" data-element_type=\"widget\" data-e-type=\"widget\" data-widget_type=\"spacer.default\">\n\t\t\t\t<div class=\"elementor-widget-container\">\n\t\t\t\t\t\t\t<div class=\"elementor-spacer\">\n\t\t\t<div class=\"elementor-spacer-inner\"><\/div>\n\t\t<\/div>\n\t\t\t\t\t\t<\/div>\n\t\t\t\t<\/div>\n\t\t\t\t\t<\/div>\n\t\t<\/div>\n\t\t\t\t\t<\/div>\n\t\t<\/section>\n\t\t\t\t<section class=\"elementor-section elementor-top-section elementor-element elementor-element-11462a74 envato-kit-141-top-0 elementor-reverse-mobile elementor-section-full_width elementor-section-height-default elementor-section-height-default\" data-id=\"11462a74\" data-element_type=\"section\" data-e-type=\"section\" data-settings=\"{&quot;background_background&quot;:&quot;classic&quot;}\">\n\t\t\t\t\t\t\t<div class=\"elementor-background-overlay\"><\/div>\n\t\t\t\t\t\t\t<div class=\"elementor-container elementor-column-gap-no\">\n\t\t\t\t\t<div class=\"elementor-column elementor-col-50 elementor-top-column elementor-element elementor-element-67781772\" data-id=\"67781772\" data-element_type=\"column\" data-e-type=\"column\">\n\t\t\t<div class=\"elementor-widget-wrap elementor-element-populated\">\n\t\t\t\t\t\t<div class=\"elementor-element elementor-element-7c170c00 elementor-widget__width-inherit elementor-widget elementor-widget-text-editor\" data-id=\"7c170c00\" data-element_type=\"widget\" data-e-type=\"widget\" data-widget_type=\"text-editor.default\">\n\t\t\t\t<div class=\"elementor-widget-container\">\n\t\t\t\t\t\t\t\t\t<p><a href=\"https:\/\/www.bexelektro.de\/?page_id=27\">Kontakt<\/a> | <a href=\"https:\/\/www.bexelektro.de\/?page_id=563\">Datenschutz<\/a> | <a href=\"https:\/\/www.bexelektro.de\/?page_id=566\">Impressum<\/a><\/p>\t\t\t\t\t\t\t\t<\/div>\n\t\t\t\t<\/div>\n\t\t\t\t\t<\/div>\n\t\t<\/div>\n\t\t\t\t<div class=\"elementor-column elementor-col-50 elementor-top-column elementor-element elementor-element-6ba52581\" data-id=\"6ba52581\" data-element_type=\"column\" data-e-type=\"column\">\n\t\t\t<div class=\"elementor-widget-wrap elementor-element-populated\">\n\t\t\t\t\t\t<div class=\"elementor-element elementor-element-23faa03b elementor-widget elementor-widget-text-editor\" data-id=\"23faa03b\" data-element_type=\"widget\" data-e-type=\"widget\" data-widget_type=\"text-editor.default\">\n\t\t\t\t<div class=\"elementor-widget-container\">\n\t\t\t\t\t\t\t\t\t<p style=\"text-align: right;\">Copyright \u00a9 by Fraunhofer-Gesellschaft<\/p>\t\t\t\t\t\t\t\t<\/div>\n\t\t\t\t<\/div>\n\t\t\t\t\t<\/div>\n\t\t<\/div>\n\t\t\t\t\t<\/div>\n\t\t<\/section>\n\t\t\t\t<\/div>\n\t\t","protected":false},"excerpt":{"rendered":"<p>BexElektro: Die Qualifizierungsoffensive f\u00fcr die Energie- und Mobilit\u00e4tswende ist gestartet \u00a0 Die Forschungspartner, Bildungsanbieter, Industriepartner und Handwerk schaffen im Projekt \u00bbBexElektro\u00ab ein innovatives und durchg\u00e4ngiges Gesamtkonzept beruflicher Bildung Der Klimawandel fordert L\u00f6sungen zu nachhaltigem Energiemanagement und smarter Mobilit\u00e4t. Deren Umsetzung wiederum ben\u00f6tigt qualifizierte Fachkr\u00e4fte, die ma\u00dfgeblich \u00fcber das berufliche Bildungssystem entwickelt werden m\u00fcssen. Gemeinsam mit [&hellip;]<\/p>\n","protected":false},"author":1,"featured_media":0,"parent":0,"menu_order":0,"comment_status":"closed","ping_status":"closed","template":"","meta":{"ocean_post_layout":"full-screen","ocean_both_sidebars_style":"","ocean_both_sidebars_content_width":0,"ocean_both_sidebars_sidebars_width":0,"ocean_sidebar":"0","ocean_second_sidebar":"0","ocean_disable_margins":"enable","ocean_add_body_class":"","ocean_shortcode_before_top_bar":"","ocean_shortcode_after_top_bar":"","ocean_shortcode_before_header":"","ocean_shortcode_after_header":"","ocean_has_shortcode":"","ocean_shortcode_after_title":"","ocean_shortcode_before_footer_widgets":"","ocean_shortcode_after_footer_widgets":"","ocean_shortcode_before_footer_bottom":"","ocean_shortcode_after_footer_bottom":"","ocean_display_top_bar":"off","ocean_display_header":"default","ocean_header_style":"","ocean_center_header_left_menu":"0","ocean_custom_header_template":"0","ocean_custom_logo":0,"ocean_custom_retina_logo":0,"ocean_custom_logo_max_width":0,"ocean_custom_logo_tablet_max_width":0,"ocean_custom_logo_mobile_max_width":0,"ocean_custom_logo_max_height":0,"ocean_custom_logo_tablet_max_height":0,"ocean_custom_logo_mobile_max_height":0,"ocean_header_custom_menu":"0","ocean_menu_typo_font_family":"0","ocean_menu_typo_font_subset":"","ocean_menu_typo_font_size":0,"ocean_menu_typo_font_size_tablet":0,"ocean_menu_typo_font_size_mobile":0,"ocean_menu_typo_font_size_unit":"px","ocean_menu_typo_font_weight":"","ocean_menu_typo_font_weight_tablet":"","ocean_menu_typo_font_weight_mobile":"","ocean_menu_typo_transform":"","ocean_menu_typo_transform_tablet":"","ocean_menu_typo_transform_mobile":"","ocean_menu_typo_line_height":0,"ocean_menu_typo_line_height_tablet":0,"ocean_menu_typo_line_height_mobile":0,"ocean_menu_typo_line_height_unit":"","ocean_menu_typo_spacing":0,"ocean_menu_typo_spacing_tablet":0,"ocean_menu_typo_spacing_mobile":0,"ocean_menu_typo_spacing_unit":"","ocean_menu_link_color":"","ocean_menu_link_color_hover":"","ocean_menu_link_color_active":"","ocean_menu_link_background":"","ocean_menu_link_hover_background":"","ocean_menu_link_active_background":"","ocean_menu_social_links_bg":"","ocean_menu_social_hover_links_bg":"","ocean_menu_social_links_color":"","ocean_menu_social_hover_links_color":"","ocean_disable_title":"on","ocean_disable_heading":"default","ocean_post_title":"","ocean_post_subheading":"","ocean_post_title_style":"","ocean_post_title_background_color":"","ocean_post_title_background":0,"ocean_post_title_bg_image_position":"","ocean_post_title_bg_image_attachment":"","ocean_post_title_bg_image_repeat":"","ocean_post_title_bg_image_size":"","ocean_post_title_height":0,"ocean_post_title_bg_overlay":0.5,"ocean_post_title_bg_overlay_color":"","ocean_disable_breadcrumbs":"default","ocean_breadcrumbs_color":"","ocean_breadcrumbs_separator_color":"","ocean_breadcrumbs_links_color":"","ocean_breadcrumbs_links_hover_color":"","ocean_display_footer_widgets":"off","ocean_display_footer_bottom":"off","ocean_custom_footer_template":"0","footnotes":""},"class_list":["post-1094","page","type-page","status-publish","hentry","entry"],"_links":{"self":[{"href":"https:\/\/www.bexelektro.de\/index.php?rest_route=\/wp\/v2\/pages\/1094","targetHints":{"allow":["GET"]}}],"collection":[{"href":"https:\/\/www.bexelektro.de\/index.php?rest_route=\/wp\/v2\/pages"}],"about":[{"href":"https:\/\/www.bexelektro.de\/index.php?rest_route=\/wp\/v2\/types\/page"}],"author":[{"embeddable":true,"href":"https:\/\/www.bexelektro.de\/index.php?rest_route=\/wp\/v2\/users\/1"}],"replies":[{"embeddable":true,"href":"https:\/\/www.bexelektro.de\/index.php?rest_route=%2Fwp%2Fv2%2Fcomments&post=1094"}],"version-history":[{"count":37,"href":"https:\/\/www.bexelektro.de\/index.php?rest_route=\/wp\/v2\/pages\/1094\/revisions"}],"predecessor-version":[{"id":3015,"href":"https:\/\/www.bexelektro.de\/index.php?rest_route=\/wp\/v2\/pages\/1094\/revisions\/3015"}],"wp:attachment":[{"href":"https:\/\/www.bexelektro.de\/index.php?rest_route=%2Fwp%2Fv2%2Fmedia&parent=1094"}],"curies":[{"name":"wp","href":"https:\/\/api.w.org\/{rel}","templated":true}]}}